f 3 and l?
3
Let k(f) = f**2 + 11*f + 4. Let h be k(-11). Calculate the highest common factor of h and 20.
4
Suppose t - 40 = -5*b + 2*b, -2*t = 3*b - 44. Let y(x) = -x**2 + 6*x + 3. Let q be y(5). Calculate the greatest common factor of q and b.
4
Let p(s) = -3*s - 55. Let z be p(-25). Calculate the greatest common divisor of z and 4.
4
Let l(z) = -z + 2. Let m be l(-10). What is the greatest common divisor of 12 and m?
12
Let m = -204 + 215. Let d(v) = v**3 - 6*v**2 + 3*v - 7. Let z be d(6). What is the highest common factor of m and z?
11
Let k(i) = i**3 + 8*i**2 + 4*i - 7. Let h(u) = -u**2 - 9*u + 3. Let t be h(-10). Let d be k(t). What is the highest common divisor of d and 70?
14
Let i be (11 - -9) + -1 + -4. What is the greatest common factor of i and 5?
5
Let t = -24 - -32. What is the highest common factor of 20 and t?
4
Let t be 26 + 3/(-1 + -2). Let i be ((-75)/12 - 2)*4. Let o be (i/6 + 3)*-2. Calculate the highest common factor of t and o.
5
Let b be (-535)/(-30) + (-2)/(-12). What is the highest common factor of b and 6?
6
Let u(k) = -k**2 - 5*k. Let i be u(-5). Suppose i = -3*t + 6*a - 5*a + 175, 3*a - 15 = 0. Calculate the highest common divisor of 24 and t.
12
Let r(d) = 0*d**3 + d**3 + 1 + 0*d**2 + 3*d**2. Let j be r(-2). What is the greatest common factor of 35 and j?
5
Suppose -b = -0*b - 97. Let j = 101 + -44. Suppose -j = -t + b. What is the greatest common divisor of t and 14?
14
Suppose w + 4*w - 315 = 0. What is the greatest common factor of w and 9?
9
Let b(v) = 2*v - 4. Let z be b(3). Suppose 3*s = z*s + 5. Suppose r - 275 = -5*x, -r + 5*r - 275 = -s*x. Calculate the highest common factor of x and 22.
11
Suppose y + q - 2*q + 3 = 0, -3*y - 13 = -4*q. Let w(s) = s. Suppose -2*n + 3 = n. Let f be w(n). What is the greatest common divisor of f and y?
1
Suppose -3*r + 6 = -3. Suppose -r*y - 3*z + 34 = -581, 825 = 4*y - z. Let i = -125 + y. What is the highest common divisor of 9 and i?
9
Suppose -i = 3*o - 119, -i + 34 + 45 = 2*o. Calculate the highest common divisor of o and 8.
8
Suppose 0 = 7*b - 12*b + 285. What is the greatest common divisor of 19 and b?
19
Let r = -44 + 50. Calculate the highest common divisor of r and 48.
6
Let b be (1 + -1)/(13/13). Suppose -v + 4 + b = 0. What is the highest common divisor of v and 2?
2
Let b(r) = 2*r**2 + 8*r - 34. Let q be b(-9). Calculate the greatest common factor of 140 and q.
28
Suppose -6 = 2*t + t. Let y be (-31 - (1 + t))/(-2). What is the greatest common divisor of 10 and y?
5
Suppose 2*d + 0*p = -4*p + 82, 4*d - p = 209. Suppose 5*v - d = -4*q, q + v - 10 = -3*v. Calculate the greatest common factor of q and 126.
14
Let l be ((-45)/(-6))/(3/12). Calculate the greatest common divisor of 180 and l.
30
Let k = 4 - 0. Calculate the highest common factor of k and 44.
4
Let m be 6/15 - 17/5. Let z(j) = j**2 + 3*j + 3. Let x be z(m). Calculate the greatest common factor of 3 and x.
3
Let y(j) = 4*j**2 - 5*j + 5. Let v be y(2). Calculate the greatest common divisor of 77 and v.
11
Let x be (3 - (-2 - -4))*2. What is the greatest common divisor of 2 and x?
2
Let u(t) = -t**3 + 7*t**2 + 13*t - 30. Let z be u(6). Calculate the greatest common factor of z and 126.
42
Suppose -2 = 3*u - 2*x, -2*x = -4*u + 2*u - 4. Let h = -2 + 3. Let g be (0 + 0 + h)*5. What is the greatest common factor of g and u?
1
Let v be 144 - (1 - (4 + -3)). Suppose -t - 7*z + 14 = -3*z, -2*t + 5*z + 41 = 0. What is the highest common factor of t and v?
18
Let r = -6 - -21. What is the greatest common factor of 30 and r?
15
Suppose 75 = -4*t + 3. Let y be (-16)/12*t/4. What is the highest common factor of 2 and y?
2
Suppose 0*n = -n. Suppose n*q + q = 11. Suppose -3*h + 2*h + q = 0. Calculate the greatest common divisor of 55 and h.
11
Let p(v) = v**2 + v + 16*v**2 - 6*v**2 + 13*v**2. Let n be p(1). Suppose -3*o - s = -35, -s = 4*s - n. What is the greatest common divisor of 90 and o?
10
Suppose -6 = -2*k + 60. Let p = 4 + 18. Calculate the highest common divisor of k and p.
11
Let c = -7 + 10. Suppose 3*k + 53 = 5*t, 20 = c*k + 2*k. What is the highest common divisor of t and 13?
13
Let n be 53/4 - (-3)/4. Suppose -4*q + 3*z + n = -161, 5*q = -5*z + 175. Let p be 1*-1*1 - -9. Calculate the highest common divisor of q and p.
8
Let j be -2 + 0 + (5 - -2). Suppose -w = 3*d - 74, 4*w = -j*d - 15 + 136. Calculate the greatest common divisor of 10 and d.
5
Let s(p) = p**2 - 2. Let u be s(-2). Suppose -u*o = 2*o. Suppose 100 = 5*d + 3*t, 4*d = -o*d + 4*t + 80. What is the highest common divisor of 50 and d?
10
Suppose 0*t - 3*r = 2*t - 621, -4*r = -t + 294. What is the highest common factor of t and 17?
17
Suppose -2*j + 3 + 15 = 0. Suppose -141 = -r - 42. Calculate the greatest common divisor of j and r.
9
Suppose s - 2 = 9. Let a be (-3 + 2)/((-1)/s). Calculate the highest common divisor of 88 and a.
11
Suppose 7*v - 3*v - 68 = -4*i, 4*v = -i + 17. What is the highest common divisor of i and 85?
17
Let y = 309 - 147. What is the greatest common factor of 18 and y?
18
Let g(r) = 4*r + 2. Let x be g(3). Let a = x + 3. What is the highest common divisor of a and 136?
17
Let w(m) = m**2 - 9*m - 20. Let j be w(-4). Let b(x) = x + 48. Let l be 0/((-6)/(-2) - 2). Let g be b(l). What is the highest common divisor of g and j?
16
Let n be (12/9)/(-3 + (-365)/(-120)). What is the greatest common factor of n and 40?
8
Let p(l) = -l - 9. Let y be p(-7). Let t be 26 + 1/(y/(-4)). Calculate the greatest common divisor of 7 and t.
7
Suppose -17 = -5*p + 5*l - 4*l, -2*p = 3*l. Suppose p*o = -o + 396. What is the greatest common divisor of o and 9?
9
Let p be ((-6)/2)/(-1 - 0). Let c = 5 + -3. Suppose -47 = -c*b - 4*r - r, -5*r = p*b - 63. What is the greatest common divisor of 40 and b?
8
Let m = 158 + -95. Let c be (-21)/(-2)*4/6. Calculate the greatest common divisor of c and m.
7
Suppose -2*c + 3*v = c - 21, -v = 3. Let f = -148 + 184. Calculate the greatest common factor of c and f.
4
Suppose 0 = -5*u + 5, -5*u = 3*a - 4*u - 25. Suppose -12 = r + 68. Let n = r + 144. Calculate the highest common divisor of n and a.
8
Let z(w) = 1 + 4*w - 3*w - 4. Let n be z(4). Let t be n/(-6)*-3*8. Calculate the greatest common factor of 8 and t.
4
Suppose -25*s = -268 + 43. Let w be 79/9 - (-2)/9. Calculate the greatest common factor of w and s.
9
Let c = 103 + -55. What is the highest common divisor of 6 and c?
6
Let y(l) = 2*l - 29. Let i be y(18). Calculate the highest common factor of 63 and i.
7
Suppose m + 3 = 0, -2*s + 5*m = -s - 345. What is the greatest common factor of 30 and s?
30
Suppose -w - 4 + 1 = -b, -4*b + 15 = -w. Suppose 5*s = 20, b*z = 5*z - 4*s - 75. Let g be -3 + 3 + -1 - -14. Calculate the highest common factor of g and z.
13
Let m = 0 + 21. Calculate the greatest common divisor of m and 14.
7
Let f = 40 - 25. Calculate the highest common factor of f and 45.
15
Suppose -x = 3*i - 19, 3*i - x - 20 + 3 = 0. Calculate the greatest common divisor of i and 1.
1
Let a(u) = -u. Let w be a(1). Let f be w/2 - 273/(-6). What is the greatest common divisor of f and 18?
9
Suppose -w + 2*m - 6 = 0, 5*w - 3 = 3*w - m. Let x be (0 - (-1 - w))*17. Calculate the greatest common divisor of x and 51.
17
Suppose f - 3*k + 11 = -6*k, -4*f + 11 = k. Suppose 0 = 4*q - 8, 86 + 75 = 5*i - 2*q. Let d be i/9 + 3/9. Calculate the highest common factor of d and f.
4
Let r = 0 + 5. Suppose 26*w - 22*w - 160 = 0. What is the greatest common factor of r and w?
5
Let b = 92 + -56. Calculate the highest common factor of 9 and b.
9
Let s be 1 + (-46)/(-14) - 24/84. Calculate the greatest common divisor of 4 and s.
4
Let w(j) = -9*j - 3. Let k be w(-3). Calculate the greatest common divisor of k and 12.
12
Let n be 3/(-12) + 82/8. Let s = -6 + n. Let a(k) = 17*k + 2. Let m be a(2). Calculate the greatest common divisor of m and s.
4
Let q(h) = -h**3 - 2*h**2 - 2*h - 2. Let w be q(-3). What is the greatest common divisor of w and 104?
13
Let l(h) = -h**3 + 11*h**2 + 13. Let a be l(11). Let i = -1 - -3. Suppose 572 = 2*m + i*m. Calculate the greatest common divisor of m and a.
13
Let r = -9 - -60. What is the highest common divisor of 153 and r?
51
Suppose -185 - 655 = -4*c. Calculate the highest common factor of 30 and c.
30
Let r(x) = -x**2 - 2*x 